{"id":399,"date":"2018-10-01T21:58:48","date_gmt":"2018-10-01T19:58:48","guid":{"rendered":"https:\/\/www.etadam-pessac.fr\/?page_id=399"},"modified":"2025-05-15T07:17:22","modified_gmt":"2025-05-15T05:17:22","slug":"le_magasin_des_suicides","status":"publish","type":"page","link":"https:\/\/www.etadam-pessac.fr\/?page_id=399","title":{"rendered":"Le magasin des suicides"},"content":{"rendered":"<p><img loading=\"lazy\" decoding=\"async\" class=\"size-medium wp-image-139 alignright\" src=\"https:\/\/www.etadam-pessac.fr\/wp-content\/uploads\/2018\/08\/FB_IMG_1535658918908-212x300.jpg\" alt=\"\" width=\"212\" height=\"300\"><\/p>\n<p>Groupe Ados &#8211; Le magasin des suicides<br \/>\n<strong>A \u00e9t\u00e9 jou\u00e9<\/strong> le dimanche 3 juin \u00e0 14h30 &#8211; Salle de France, 39 Rue Anatole France 33600 Pessac<\/p>\n<p>Adaptation de Brigitte Gomez du roman de Jean Teul\u00e9<br \/>\n\u00ab Vous avez rat\u00e9 votre vie ? Avec nous, vous r\u00e9ussirez votre mort ! \u00bb<\/p>\n<div class=\"text_exposed_show\">\n<p>Imaginez un magasin o\u00f9 l&rsquo;on vend depuis dix g\u00e9n\u00e9rations tous les ingr\u00e9dients possibles pour se suicider. Cette petite entreprise familiale prosp\u00e8re dans la tristesse et l&rsquo;humeur sombre jusqu&rsquo;au jour abominable o\u00f9 surgit un adversaire impitoyable : la joie de vivre&#8230;<br \/>\nUne pi\u00e8ce d\u00e9concertante, grin\u00e7ante et irrespectueuse, les amateurs d&rsquo;humour noir vont se r\u00e9galer. Une farce aussi absurde que dr\u00f4le, \u00e2me sensible s\u2019abstenir &#8230;<\/p>\n<\/div>\n","protected":false},"excerpt":{"rendered":"<p>Groupe Ados &#8211; Le magasin des suicides A \u00e9t\u00e9 jou\u00e9 le dimanche 3 juin \u00e0 14h30 &#8211; Salle de France, 39 Rue Anatole France 33600 Pessac Adaptation de Brigitte Gomez du roman de Jean Teul\u00e9 \u00ab Vous avez rat\u00e9 votre&hellip;&nbsp;<a href=\"https:\/\/www.etadam-pessac.fr\/?page_id=399\" class=\"more-link\">Lire la suite<\/a><\/p>\n","protected":false},"author":1,"featured_media":0,"parent":0,"menu_order":0,"comment_status":"closed","ping_status":"closed","template":"","meta":{"ngg_post_thumbnail":0,"footnotes":""},"class_list":["post-399","page","type-page","status-publish","hentry"],"_links":{"self":[{"href":"https:\/\/www.etadam-pessac.fr\/index.php?rest_route=\/wp\/v2\/pages\/399","targetHints":{"allow":["GET"]}}],"collection":[{"href":"https:\/\/www.etadam-pessac.fr\/index.php?rest_route=\/wp\/v2\/pages"}],"about":[{"href":"https:\/\/www.etadam-pessac.fr\/index.php?rest_route=\/wp\/v2\/types\/page"}],"author":[{"embeddable":true,"href":"https:\/\/www.etadam-pessac.fr\/index.php?rest_route=\/wp\/v2\/users\/1"}],"replies":[{"embeddable":true,"href":"https:\/\/www.etadam-pessac.fr\/index.php?rest_route=%2Fwp%2Fv2%2Fcomments&post=399"}],"version-history":[{"count":1,"href":"https:\/\/www.etadam-pessac.fr\/index.php?rest_route=\/wp\/v2\/pages\/399\/revisions"}],"predecessor-version":[{"id":1412,"href":"https:\/\/www.etadam-pessac.fr\/index.php?rest_route=\/wp\/v2\/pages\/399\/revisions\/1412"}],"wp:attachment":[{"href":"https:\/\/www.etadam-pessac.fr\/index.php?rest_route=%2Fwp%2Fv2%2Fmedia&parent=399"}],"curies":[{"name":"wp","href":"https:\/\/api.w.org\/{rel}","templated":true}]}}

<p><img loading="lazy" decoding="async" class="size-medium wp-image-139 alignright" src="https://www.etadam-pessac.fr/wp-content/uploads/2018/08/FB_IMG_1535658918908-212x300.jpg" alt="" width="212" height="300"></p>
<p>Groupe Ados &#8211; Le magasin des suicides<br />
<strong>A été joué</strong> le dimanche 3 juin à 14h30 &#8211; Salle de France, 39 Rue Anatole France 33600 Pessac</p>
<p>Adaptation de Brigitte Gomez du roman de Jean Teulé<br />
« Vous avez raté votre vie ? Avec nous, vous réussirez votre mort ! »</p>
<div class="text_exposed_show">
<p>Imaginez un magasin où l&rsquo;on vend depuis dix générations tous les ingrédients possibles pour se suicider. Cette petite entreprise familiale prospère dans la tristesse et l&rsquo;humeur sombre jusqu&rsquo;au jour abominable où surgit un adversaire impitoyable : la joie de vivre&#8230;<br />
Une pièce déconcertante, grinçante et irrespectueuse, les amateurs d&rsquo;humour noir vont se régaler. Une farce aussi absurde que drôle, âme sensible s’abstenir &#8230;</p>
</div>

<p>Groupe Ados &#8211; Le magasin des suicides A été joué le dimanche 3 juin à 14h30 &#8211; Salle de France, 39 Rue Anatole France 33600 Pessac Adaptation de Brigitte Gomez du roman de Jean Teulé « Vous avez raté votre&hellip;&nbsp;<a href="https://www.etadam-pessac.fr/?page_id=399" class="more-link">Lire la suite</a></p>
