{"id":274,"date":"2018-09-10T10:54:03","date_gmt":"2018-09-10T08:54:03","guid":{"rendered":"https:\/\/www.etadam-pessac.fr\/?page_id=274"},"modified":"2025-05-15T07:16:56","modified_gmt":"2025-05-15T05:16:56","slug":"lequipe","status":"publish","type":"page","link":"https:\/\/www.etadam-pessac.fr\/?page_id=274","title":{"rendered":"L&rsquo;\u00e9quipe"},"content":{"rendered":"<p>ETADAM est g\u00e9r\u00e9 par son bureau, qui est actuellement compos\u00e9 des membres suivants:<\/p>\n<p>Vanessa Lafargue, Pr\u00e9sidente<\/p>\n<p>M\u00e9lanie Pyla, Vice pr\u00e9sidente<\/p>\n<p>L\u00e9na\u00efc Rolland, Secr\u00e9taire<\/p>\n<p>J\u00e9r\u00f4me Waymel, Tr\u00e9sorier<\/p>\n<p>Les statuts pr\u00e9voient aussi un Conseil d&rsquo;administration qui doit ent\u00e9riner les d\u00e9cisions importantes. Malheureusement, du fait d&rsquo;une carence de candidats, le conseil d&rsquo;administration est exclusivement constitu\u00e9 des membres du bureau.&nbsp;<\/p>\n<p>&nbsp;<\/p>\n<p>&nbsp;<\/p>\n","protected":false},"excerpt":{"rendered":"<p>ETADAM est g\u00e9r\u00e9 par son bureau, qui est actuellement compos\u00e9 des membres suivants: Vanessa Lafargue, Pr\u00e9sidente M\u00e9lanie Pyla, Vice pr\u00e9sidente L\u00e9na\u00efc Rolland, Secr\u00e9taire J\u00e9r\u00f4me Waymel, Tr\u00e9sorier Les statuts pr\u00e9voient aussi un Conseil d&rsquo;administration qui doit ent\u00e9riner les d\u00e9cisions importantes. Malheureusement,&hellip;&nbsp;<a href=\"https:\/\/www.etadam-pessac.fr\/?page_id=274\" class=\"more-link\">Lire la suite<\/a><\/p>\n","protected":false},"author":2,"featured_media":0,"parent":0,"menu_order":0,"comment_status":"closed","ping_status":"closed","template":"","meta":{"ngg_post_thumbnail":0,"footnotes":""},"class_list":["post-274","page","type-page","status-publish","hentry"],"_links":{"self":[{"href":"https:\/\/www.etadam-pessac.fr\/index.php?rest_route=\/wp\/v2\/pages\/274","targetHints":{"allow":["GET"]}}],"collection":[{"href":"https:\/\/www.etadam-pessac.fr\/index.php?rest_route=\/wp\/v2\/pages"}],"about":[{"href":"https:\/\/www.etadam-pessac.fr\/index.php?rest_route=\/wp\/v2\/types\/page"}],"author":[{"embeddable":true,"href":"https:\/\/www.etadam-pessac.fr\/index.php?rest_route=\/wp\/v2\/users\/2"}],"replies":[{"embeddable":true,"href":"https:\/\/www.etadam-pessac.fr\/index.php?rest_route=%2Fwp%2Fv2%2Fcomments&post=274"}],"version-history":[{"count":4,"href":"https:\/\/www.etadam-pessac.fr\/index.php?rest_route=\/wp\/v2\/pages\/274\/revisions"}],"predecessor-version":[{"id":1326,"href":"https:\/\/www.etadam-pessac.fr\/index.php?rest_route=\/wp\/v2\/pages\/274\/revisions\/1326"}],"wp:attachment":[{"href":"https:\/\/www.etadam-pessac.fr\/index.php?rest_route=%2Fwp%2Fv2%2Fmedia&parent=274"}],"curies":[{"name":"wp","href":"https:\/\/api.w.org\/{rel}","templated":true}]}}

L&rsquo;équipe

<p>ETADAM est géré par son bureau, qui est actuellement composé des membres suivants:</p>
<p>Vanessa Lafargue, Présidente</p>
<p>Mélanie Pyla, Vice présidente</p>
<p>Lénaïc Rolland, Secrétaire</p>
<p>Jérôme Waymel, Trésorier</p>
<p>Les statuts prévoient aussi un Conseil d&rsquo;administration qui doit entériner les décisions importantes. Malheureusement, du fait d&rsquo;une carence de candidats, le conseil d&rsquo;administration est exclusivement constitué des membres du bureau.&nbsp;</p>
<p>&nbsp;</p>
<p>&nbsp;</p>

<p>ETADAM est géré par son bureau, qui est actuellement composé des membres suivants: Vanessa Lafargue, Présidente Mélanie Pyla, Vice présidente Lénaïc Rolland, Secrétaire Jérôme Waymel, Trésorier Les statuts prévoient aussi un Conseil d&rsquo;administration qui doit entériner les décisions importantes. Malheureusement,&hellip;&nbsp;<a href="https://www.etadam-pessac.fr/?page_id=274" class="more-link">Lire la suite</a></p>
