{"id":159,"date":"2018-08-31T08:22:49","date_gmt":"2018-08-31T06:22:49","guid":{"rendered":"https:\/\/www.etadam-pessac.fr\/?page_id=159"},"modified":"2025-05-15T07:16:58","modified_gmt":"2025-05-15T05:16:58","slug":"spectacle-turbulences-et-petits-details","status":"publish","type":"page","link":"https:\/\/www.etadam-pessac.fr\/?page_id=159","title":{"rendered":"Spectacle Turbulences et petits d\u00e9tails"},"content":{"rendered":"ngg_shortcode_0_placeholder\n<p>Groupe Adulte 2 &#8211; Turbulences et petits d\u00e9tails<br \/>\nAuteur : Denise Bonal<\/p>\n<div class=\"text_exposed_show\">\n<p><strong>A \u00e9t\u00e9 jou\u00e9<\/strong> le samedi 2 juin \u00e0 17 et dimanche 3 juin \u00e0 19h30 &#8211; Salle de France 39 Rue Anatole France, 33600 Pessac<\/p>\n<p>A la campagne, une journ\u00e9e d\u2019\u00e9t\u00e9, nous sommes convi\u00e9s \u00e0 un mariage fantasque o\u00f9 jeunes, vieux, hommes comme femmes, chacun a ses r\u00eaves, ses tourments, sa vie. Ils se croisent, se parlent parfois sans s\u2019\u00e9couter, se retrouvent ou se d\u00e9chirent. Mais cette effervescence d\u2019une noce en plein mois de juin nous donne l\u2019impression que tout \u00e7a n\u2019est pas tr\u00e8s s\u00e9rieux. Entre souvenirs fantasm\u00e9s et r\u00eaveries utopiques nous voil\u00e0 partis pour une aventure d\u00e9cal\u00e9e\u2026<\/p>\n<\/div>\n","protected":false},"excerpt":{"rendered":"<p>Groupe Adulte 2 &#8211; Turbulences et petits d\u00e9tails Auteur : Denise Bonal A \u00e9t\u00e9 jou\u00e9 le samedi 2 juin \u00e0 17 et dimanche 3 juin \u00e0 19h30 &#8211; Salle de France 39 Rue Anatole France, 33600 Pessac A la campagne,&hellip;&nbsp;<a href=\"https:\/\/www.etadam-pessac.fr\/?page_id=159\" class=\"more-link\">Lire la suite<\/a><\/p>\n","protected":false},"author":1,"featured_media":197,"parent":124,"menu_order":0,"comment_status":"closed","ping_status":"closed","template":"","meta":{"ngg_post_thumbnail":0,"footnotes":""},"class_list":["post-159","page","type-page","status-publish","has-post-thumbnail","hentry"],"_links":{"self":[{"href":"https:\/\/www.etadam-pessac.fr\/index.php?rest_route=\/wp\/v2\/pages\/159","targetHints":{"allow":["GET"]}}],"collection":[{"href":"https:\/\/www.etadam-pessac.fr\/index.php?rest_route=\/wp\/v2\/pages"}],"about":[{"href":"https:\/\/www.etadam-pessac.fr\/index.php?rest_route=\/wp\/v2\/types\/page"}],"author":[{"embeddable":true,"href":"https:\/\/www.etadam-pessac.fr\/index.php?rest_route=\/wp\/v2\/users\/1"}],"replies":[{"embeddable":true,"href":"https:\/\/www.etadam-pessac.fr\/index.php?rest_route=%2Fwp%2Fv2%2Fcomments&post=159"}],"version-history":[{"count":1,"href":"https:\/\/www.etadam-pessac.fr\/index.php?rest_route=\/wp\/v2\/pages\/159\/revisions"}],"predecessor-version":[{"id":1409,"href":"https:\/\/www.etadam-pessac.fr\/index.php?rest_route=\/wp\/v2\/pages\/159\/revisions\/1409"}],"up":[{"embeddable":true,"href":"https:\/\/www.etadam-pessac.fr\/index.php?rest_route=\/wp\/v2\/pages\/124"}],"wp:featuredmedia":[{"embeddable":true,"href":"https:\/\/www.etadam-pessac.fr\/index.php?rest_route=\/"}],"wp:attachment":[{"href":"https:\/\/www.etadam-pessac.fr\/index.php?rest_route=%2Fwp%2Fv2%2Fmedia&parent=159"}],"curies":[{"name":"wp","href":"https:\/\/api.w.org\/{rel}","templated":true}]}}