{"id":117,"date":"2018-09-04T22:40:08","date_gmt":"2018-09-04T20:40:08","guid":{"rendered":"https:\/\/www.etadam-pessac.fr\/?page_id=117"},"modified":"2025-05-15T07:17:24","modified_gmt":"2025-05-15T05:17:24","slug":"nos-intervenants-professionnels","status":"publish","type":"page","link":"https:\/\/www.etadam-pessac.fr\/?page_id=117","title":{"rendered":"Nos intervenants professionnels"},"content":{"rendered":"<p>ETADAM fait le choix de recruter exclusivement un personnel qualifi\u00e9, motiv\u00e9 et de confiance.<\/p>\n<p><a href=\"https:\/\/www.etadam-pessac.fr\/angelica-de-almeida\/\">Ang\u00e9lica<\/a><\/p>\n<p><a href=\"https:\/\/www.etadam-pessac.fr\/presentation\/nos-intervenants-professionnels\/aurelie\/\">Aur\u00e9lie<\/a><\/p>\n<p><a href=\"https:\/\/www.etadam-pessac.fr\/presentation\/nos-intervenants-professionnels\/ludovic\/\">Ludovic<\/a><\/p>\n<p>Voici un teasing pour la rentr\u00e9e de septembre 2020.<\/p>\n<div style=\"width: 640px;\" class=\"wp-video\"><video class=\"wp-video-shortcode\" id=\"video-117-1\" width=\"640\" height=\"360\" preload=\"metadata\" controls=\"controls\"><source type=\"video\/mp4\" src=\"https:\/\/www.etadam-pessac.fr\/wp-content\/uploads\/2020\/08\/Etadam-2021.mp4?_=1\" \/><a href=\"https:\/\/www.etadam-pessac.fr\/wp-content\/uploads\/2020\/08\/Etadam-2021.mp4\">https:\/\/www.etadam-pessac.fr\/wp-content\/uploads\/2020\/08\/Etadam-2021.mp4<\/a><\/video><\/div>\n<p>&nbsp;<\/p>\n","protected":false},"excerpt":{"rendered":"<p>ETADAM fait le choix de recruter exclusivement un personnel qualifi\u00e9, motiv\u00e9 et de confiance. Ang\u00e9lica Aur\u00e9lie Ludovic Voici un teasing pour la rentr\u00e9e de septembre 2020. &nbsp;<\/p>\n","protected":false},"author":1,"featured_media":0,"parent":367,"menu_order":0,"comment_status":"closed","ping_status":"closed","template":"","meta":{"ngg_post_thumbnail":0,"footnotes":""},"class_list":["post-117","page","type-page","status-publish","hentry"],"_links":{"self":[{"href":"https:\/\/www.etadam-pessac.fr\/index.php?rest_route=\/wp\/v2\/pages\/117","targetHints":{"allow":["GET"]}}],"collection":[{"href":"https:\/\/www.etadam-pessac.fr\/index.php?rest_route=\/wp\/v2\/pages"}],"about":[{"href":"https:\/\/www.etadam-pessac.fr\/index.php?rest_route=\/wp\/v2\/types\/page"}],"author":[{"embeddable":true,"href":"https:\/\/www.etadam-pessac.fr\/index.php?rest_route=\/wp\/v2\/users\/1"}],"replies":[{"embeddable":true,"href":"https:\/\/www.etadam-pessac.fr\/index.php?rest_route=%2Fwp%2Fv2%2Fcomments&post=117"}],"version-history":[{"count":1,"href":"https:\/\/www.etadam-pessac.fr\/index.php?rest_route=\/wp\/v2\/pages\/117\/revisions"}],"predecessor-version":[{"id":1420,"href":"https:\/\/www.etadam-pessac.fr\/index.php?rest_route=\/wp\/v2\/pages\/117\/revisions\/1420"}],"up":[{"embeddable":true,"href":"https:\/\/www.etadam-pessac.fr\/index.php?rest_route=\/wp\/v2\/pages\/367"}],"wp:attachment":[{"href":"https:\/\/www.etadam-pessac.fr\/index.php?rest_route=%2Fwp%2Fv2%2Fmedia&parent=117"}],"curies":[{"name":"wp","href":"https:\/\/api.w.org\/{rel}","templated":true}]}}